 160331240 a multiple of 69?
False
Does 1007 divide 459391186?
False
Is 27 a factor of 3963492?
True
Is 912222290 a multiple of 197?
True
Does 109 divide 2743748?
True
Is 21 a factor of 1056186781?
False
Is 756879228 a multiple of 42?
True
Is 23 a factor of 321976885?
True
Does 25 divide 320987560?
False
Does 1479 divide 2257456892?
False
Is 21346579 a multiple of 24?
False
Is 18 a factor of 324440550?
True
Does 66 divide 1745634?
True
Is 11 a factor of 2795108590?
False
Is 194 a factor of 64996317?
False
Is 100816582 a multiple of 43?
False
Is 130717833 a multiple of 91?
False
Is 3669 a factor of 30159454?
False
Does 10 divide 17677640?
True
Is 283 a factor of 44202902?
True
Does 36 divide 434816928?
True
Is 7 a factor of 143151064?
True
Is 10308044 a multiple of 249?
False
Is 43 a factor of 32140479?
True
Does 42 divide 4464611?
False
Is 2492 a factor of 149343068?
True
Is 150136140 a multiple of 770?
True
Is 12 a factor of 35104703?
False
Is 201 a factor of 222185356?
False
Is 53 a factor of 63935437?
True
Is 38 a factor of 38825398?
True
Does 304 divide 6546273?
False
Is 36696089 a multiple of 341?
False
Does 7 divide 8950935?
True
Is 21630169 a multiple of 2135?
False
Is 7411 a factor of 2829769709?
False
Is 22 a factor of 12675751?
False
Does 7 divide 388178?
True
Is 2046 a factor of 187676797?
False
Is 4193 a factor of 3478029198?
False
Does 747 divide 5417868?
False
Is 40706719 a multiple of 480?
False
Does 104 divide 94005730?
False
Does 760 divide 35069440?
True
Is 86211077 a multiple of 2?
False
Is 121323669 a multiple of 159?
False
Is 267491836 a multiple of 2322?
False
Does 118 divide 20167970?
True
Is 5 a factor of 10051064?
False
Does 186 divide 205388389?
False
Is 244751958 a multiple of 416?
False
Is 110836992 a multiple of 32?
True
Is 438 a factor of 29931168?
True
Does 34 divide 28056936?
True
Does 101 divide 61047127?
True
Is 7 a factor of 2961833?
True
Is 10228450 a multiple of 10?
True
Is 338435460 a multiple of 495?
True
Is 394728537 a multiple of 19?
False
Is 82 a factor of 23741050?
True
Is 13 a factor of 621214264?
False
Is 37034145 a multiple of 15?
True
Is 32381246 a multiple of 2?
True
Is 464578224 a multiple of 22?
True
Is 86 a factor of 11297820?
True
Is 2322 a factor of 33922098?
True
Is 41603009 a multiple of 2997?
False
Is 2891672050 a multiple of 1325?
True
Is 10714599 a multiple of 9?
True
Does 5865 divide 2542366065?
True
Is 44736739 a multiple of 876?
False
Is 4590 a factor of 475869286?
False
Is 14764543 a multiple of 54?
False
Does 38 divide 28481798?
True
Is 1204 a factor of 78338431?
False
Does 17 divide 110149341?
True
Does 861 divide 579532212?
True
Is 325955223 a multiple of 3?
True
Does 10813 divide 2026810346?
True
Is 1347 a factor of 1359349898?
False
Does 1156 divide 18312613?
False
Is 402 a factor of 1264913714?
False
Does 1368 divide 4409064?
True
Is 395 a factor of 2793540290?
False
Is 11 a factor of 249152464?
True
Is 74 a factor of 132806122?
False
Is 38364402 a multiple of 1446?
False
Is 30 a factor of 35911391?
False
Does 409 divide 44279456?
False
Does 6200 divide 1093308000?
True
Is 26073400 a multiple of 100?
True
Is 135609997 a multiple of 25?
False
Is 1932 a factor of 1624355082?
False
Is 208 a factor of 31672447?
False
Does 165 divide 291010500?
True
Is 459 a factor of 22102686?
True
Is 16 a factor of 2852270656?
True
Does 113 divide 25077412?
True
Is 600 a factor of 5530560?
False
Is 5948 a factor of 5642804?
False
Is 37161983 a multiple of 14?
False
Is 3 a factor of 146743753?
False
Is 693 a factor of 2647083105?
False
Is 22671623 a multiple of 2?
False
Is 33245249 a multiple of 47?
False
Is 12058387 a multiple of 41?
True
Is 3473 a factor of 1793255766?
True
Is 10 a factor of 9231467?
False
Does 122 divide 21812990?
True
Does 438 divide 2136570132?
True
Does 727 divide 4609597298?
True
Is 2757606126 a multiple of 32?
False
Is 307 a factor of 24037740?
False
Is 139612433 a multiple of 6?
False
Is 748360338 a multiple of 23?
True
Does 51 divide 369563045?
False
Is 175 a factor of 37596029?
False
Does 10 divide 760508080?
True
Does 9 divide 8633736?
True
Is 38 a factor of 428096082?
False
Is 43903032 a multiple of 8?
True
Is 127603402 a multiple of 23?
True
Does 2724 divide 828965349?
False
Is 177034680 a multiple of 230?
True
Is 18005848 a multiple of 67?
True
Is 1803433 a multiple of 35?
False
Is 7 a factor of 424587156?
True
Is 1745 a factor of 103904280?
True
Is 2042089157 a multiple of 78?
False
Is 2284921288 a multiple of 104?
True
Does 4320 divide 1617946558?
False
Does 1411 divide 1348351600?
True
Does 173 divide 96072232?
False
Does 307 divide 48404690?
True
Is 3 a factor of 124599126?
True
Is 168 a factor of 176820000?
True
Is 32 a factor of 21754693?
False
Is 8809769 a multiple of 6?
False
Is 357151418 a multiple of 338?
True
Does 10 divide 53216520?
True
Does 18 divide 534017358?
True
Is 317 a factor of 220402374?
False
Does 1908 divide 313372649?
False
Does 1659 divide 1895188529?
False
Does 423 divide 3829171157?
False
Is 80998566 a multiple of 303?
True
Is 1321131583 a multiple of 17?
False
Does 4097 divide 163388360?
True
Is 10 a factor of 124329520?
True
Does 91 divide 79078545?
True
Is 2071 a factor of 230357596?
False
Is 380365902 a multiple of 9?
True
Is 734 a factor of 20839728?
True
Is 1567288310 a multiple of 1655?
True
Does 52 divide 19003816?
True
Does 63 divide 2019591?
True
Does 41 divide 156422588?
False
Is 1007969940 a multiple of 690?
True
Is 1894104952 a multiple of 8?
True
Is 5438 a factor of 143682836?
True
Does 3178 divide 1145147808?
True
Is 457428300 a multiple of 1757?
False
Is 998 a factor of 415897538?
True
Is 380553255 a multiple of 12?
False
Is 1837 a factor of 214169048?
False
Does 308 divide 2285728419?
False
Is 955478385 a multiple of 1095?
True
Is 348738098 a multiple of 46?
True
Does 105 divide 15947610?
True
Does 11 divide 3028879117?
True
Is 502 a factor of 1132545256?
False
Is 141434644 a multiple of 2?
True
Is 306 a factor of 1830760056?
True
Does 2102 divide 77749343?
False
Does 8 divide 527429872?
True
Is 20923951 a multiple of 16?
False
Is 12923971 a multiple of 7?
False
Is 62310420 a multiple of 1404?
False
Is 7419730 a multiple of 1005?
False
Is 6289 a factor of 212917128?
False
Is 370855294 a multiple of 67?
False
Does 74 divide 121061928?
True
Does 12 divide 96342730?
False
Is 320 a factor of 65993600?
True
Is 17878375 a multiple of 160?
False
Does 107 divide 163070414?
False
Does 255 divide 36154410?
True
Is 39224848 a multiple of 2522?
False
Does 42 divide 100283820?
True
Does 11 divide 28508032?
False
Does 2703 divide 683202816?
False
Does 27 divide 4769898754?
False
Does 35 divide 1462475?
True
Is 32 a factor of 5091253?
False
Is 1596726525 a multiple of 2876?
False
Is 19 a factor of 28096107?
False
Does 1621 divide 19048371?
True
Is 692146 a multiple of 91?
True
Does 839 divide 297563172?
False
Does 24 divide 276332784?
True
Does 156 divide 1745622102?
False
Does 1967 divide 1765197602?
True
Is 58415651 a multiple of 410?
False
Does 1507 divide 26338002?
False
Does 134 divide 176609560?
False
Does 411 divide 1087957278?
True
Is 714490784 a multiple of 32?
True
Is 651992088 a multiple of 428?
True
Is 98 a factor of 1280697563?
False
Is 1159660224 a multiple of 64?
True
Is 323 a factor of 1402191155?
False
Is 25637600 a multiple of 2560?
False
Does 25 divide 4435532?
False
Is 217422903 a multiple of 67?
False
Does 40 divide 638600?
True
Is 10 a factor of 839347490?
True
Is 8 a factor of 1518855510?
False
Is 115 a factor of 516669943?
False
Is 63 a factor of 10531332?
True
Is 219807602 a multiple of 32?
False
Does 126 divide 75077633?
False
Is 87 a factor of 172993323?
True
Does 12 divide 426120?
True
Is 58 a factor of 39085330?
True
Does 3 divide 4647622?
False
Does 55 divide 88341990?
True
Is 265555920 a multiple of 372?
True
Is 91688333 a multiple of 824?
False
Is 2092 a factor of 50157612?
False
Is 1626 a factor of 1046132628?
True
Is 103 a factor of 21617345?
False
Is 148671922 a multiple of 1102?
True
Does 4 divide 154221887?
False
Does 178 divide 11843052?
True
Is 10 a factor of 429553260?
True
Does 193 divide 13242695?
True
Does 9602 divide 835297184?
True
Is 95240481 a multiple of 21?
True
Is 3170136400 a multi